 remainder when 50 is divided by q - -1*(-4 + 1).
16
Suppose 104 = 3*r - 10. Calculate the remainder when r is divided by 10.
8
Let u(n) = -n**3 - 4*n**2 + 2*n + 4. Let k be u(-4). Let z = k + 19. Calculate the remainder when 27 is divided by z.
12
Let o be (-43)/(-5) - 4/(-10). Suppose -35 = -j - o. Let r(x) = x**2 + 4*x + 18. Calculate the remainder when r(-8) is divided by j.
24
Let c = -2 - -4. Suppose o - 11 = 6*n - c*n, -o + 11 = -3*n. Suppose 2*u - 7 = o. What is the remainder when 17 is divided by u?
8
Suppose 3*c - 134 = 112. What is the remainder when c is divided by 28?
26
Let u(t) = -3*t**2 + 13*t - 6. Let h(v) = v**2 - 4*v + 2. Let f(j) = -11*h(j) - 4*u(j). What is the remainder when 42 is divided by f(10)?
20
Let o = 36 + -18. Suppose -3*h - 3*l - 18 = l, 0 = -3*h + 3*l - o. Let q = h - -19. Calculate the remainder when 37 is divided by q.
11
Let j be 6/4*-4 + 3. Let r = 11 - j. What is the remainder when (24 - -2) + 2 + -1 is divided by r?
13
Suppose 4*m - 5*c = 264, 3*m - 175 = -2*c - 0*c. What is the remainder when m is divided by 21?
19
Calculate the remainder when 20 is divided by -1 + 3 + -1 - -6.
6
Let f(u) = -u**2 - 4*u + 2. Let v be f(-4). Calculate the remainder when 34 is divided by ((-4)/6)/(v/(-36)).
10
Let x be (5 + -4)*(-2 - -1). Calculate the remainder when (4 + -1)/((-2)/(-12)) is divided by 4 - 3 - 9/x.
8
Suppose -3*l + a = -0*a - 4, 5*a + 3 = -2*l. Calculate the remainder when 11 - (-1 + (l - 2)) is divided by 4.
1
Suppose 0*f - 5*f = -15. Let q = 18 - f. Let i = q - -10. What is the remainder when i is divided by 13?
12
Suppose 0 = -5*n + 2*o - 9, n + 24 = -3*n - 4*o. Let c be ((-9)/6)/(n/8). Let x(k) = 5*k + 1. What is the remainder when 40 is divided by x(c)?
19
Suppose -7 = -2*n + 5. Suppose 8 = -2*w - 6. Let x = w + 24. What is the remainder when x is divided by n?
5
Suppose -37 + 12 = -5*w. Let x(o) = -w*o + 2*o**2 - 5*o**2 + 5 + 4*o**2. Calculate the remainder when 20 is divided by x(6).
9
Let r = 2 - -23. Let j = 70 - 21. Calculate the remainder when j is divided by r.
24
Suppose 17 = l - 0*l. Calculate the remainder when 11 + 2 + -13 + 64 + 1 is divided by l.
14
Suppose -3*t = 4*d - 274, -4*t + 2*d + 2*d = -328. Calculate the remainder when t is divided by ((-8)/10)/(4/(-110)).
20
Suppose 4*u = -5*h + 11, u - 4*u = 4*h - 9. Let d = 1 - u. Suppose 3*j = -g + 8, -d*g = j - 3*g - 8. What is the remainder when 9 is divided by j?
1
Suppose 4*n - 18 = -2*k, 0 = 2*n + 2*n + 3*k - 19. Let z be 12/(-18)*6/n. Calculate the remainder when 50 is divided by 1/(z + 36/34).
16
Let i(v) = v**2 + 2*v + 1. Let z be i(-1). Suppose z = 4*r - 62 - 2. Calculate the remainder when r is divided by 28/42*(1 + 8).
4
Let b(h) = 47*h**3. Let d(r) = r**3 - 9*r**2 + r - 8. Let l be d(9). Calculate the remainder when b(l) is divided by 12.
11
Calculate the remainder when 17/(4/3 - 1/1) is divided by 13.
12
Let y be (-1362)/(-30) - 2/5. Suppose y = 5*n - 0*n. Calculate the remainder when 16 is divided by n.
7
Let u be (-1)/(-3) + 658/(-21). Let y = u + 50. Calculate the remainder when y is divided by 10.
9
Let l = -23 - -33. Suppose -10 = -g + x + l, -2*g - x = -37. Calculate the remainder when g is divided by 10.
9
Suppose -f = 2*m + 3*f + 2, -3 = f. Let n(z) = -z**3 + 7*z**2 + 2*z - 2. Calculate the remainder when n(m) is divided by 20.
18
Suppose -5*k + 3*k + 26 = 0. Calculate the remainder when 51 is divided by k.
12
Let u be (2 - 0) + (-6 - -7). Let d be 6/4*2/u. What is the remainder when 1 is divided by 2 - (-2 - d)/(-3)?
0
Let u = 0 + 74. Suppose -2*z - 3*z = -125. What is the remainder when u is divided by z?
24
Suppose m - 1 = -3*h + 45, -4*h + 43 = 5*m. Let v = h - -1. What is the remainder when v is divided by (-11)/((-33)/16) + 2/(-6)?
3
Let u be (-13 + 24)/(2/(-2)). Let m(o) = -2*o + 1. Calculate the remainder when 68 is divided by m(u).
22
Suppose 5*p + 5*v = 140, -4*p + 20 = -5*v - 128. Calculate the remainder when p is divided by 2.
0
Suppose p + 4 = 2*t, -5*t + 6*p = p - 20. Let j = 0 + t. Calculate the remainder when 9 is divided by (j + -5)*(-1 + 0).
4
Calculate the remainder when ((-2)/4)/(1 + (-106)/104) is divided by 14.
12
Suppose 0 = 5*u - 80 - 60. Suppose 5*z - u = 42. Suppose 2*l + 0*l = 52. What is the remainder when l is divided by z?
12
Let q be 10 + (2 - 4)/(-2). Let i(n) = n**3 - 11*n**2 + n + 14. What is the remainder when i(q) is divided by 7?
4
Let j = 11 - -14. Let z = 7 + j. Calculate the remainder when z is divided by 17.
15
Let t(q) = q**3 + 5*q**2 + q - 5. Let p(u) = u**2 + 9*u + 2. Let z be p(-9). Calculate the remainder when 16/(-6)*(-15)/z is divided by t(-4).
6
Let t be (-5 + 7)*3/(-2). Calculate the remainder when 4 is divided by t/(-2)*4/3.
0
Let v(g) = 2*g**2 - 7*g + 3. Let a(b) = 2*b**3 + b**2 + b + 51. Calculate the remainder when a(0) is divided by v(5).
15
Let b(v) = v**2 - 3*v + 1. Let x be b(-4). Suppose -o = -m + x, -140 = -5*m + 2*o + 14. Calculate the remainder when 94 is divided by m.
30
Suppose 5*k - 56 = 9. Suppose -u + 5*a + 31 = 0, -3*u - k + 106 = 3*a. Let f(c) = -5*c + 1. Calculate the remainder when u is divided by f(-2).
9
Let y = 2 - -2. Suppose 0 = -3*r + 9, 0*r = -n - y*r + 46. Suppose 27 = 2*z + 3. Calculate the remainder when n is divided by z.
10
Suppose 3*q - q - 52 = 0. Calculate the remainder when 49 is divided by q.
23
Let y(t) = -t**3 - 5*t**2 - 9*t - 10. Calculate the remainder when 102 is divided by y(-5).
32
Suppose -3*f = -6*f + 6. Suppose -2*b - f*z = -28, b - 4 + 2 = 3*z. What is the remainder when b is divided by 6?
5
Suppose 4*a - a - 3 = 0, 3*i + a = 4. Let l be (i + 0 + 1)*2. Suppose -l*v - z = -72, 2*v - 2*z - 13 = 13. Calculate the remainder when 32 is divided by v.
15
Let h = -32 + 51. What is the remainder when 56 is divided by h?
18
Suppose h - 2 = -2*f, 5*h - f - 26 = -3*f. Suppose -4*m = 3*r + 6, -2*r + 2*m + 4 = -3*r. Calculate the remainder when h is divided by r.
0
Calculate the remainder when 4 + (66 - (-4 + 0)) is divided by 38.
36
Let g(b) = -b**3 + 11*b**2 + 14*b - 13. Calculate the remainder when 62 is divided by g(12).
7
Suppose 2*h + 8 + 4 = 4*q, -q - 4*h = 6. Let m be (-2 + 0)/(q/(-6)). What is the remainder when 18/(-4)*(-16)/m is divided by 7?
5
Suppose 58 - 72 = -k. Let c(n) = -10*n - 4. Calculate the remainder when c(-3) is divided by k.
12
Let c(k) = -k - 6. Let r be c(-10). Suppose -x = r*x - 260. What is the remainder when x is divided by 14?
10
Let l(p) = 18*p**2 - 2*p - 1. Suppose 2*o = 5*j + 5, o - 4 + 2 = 2*j. What is the remainder when l(j) is divided by 7?
5
Suppose 5*h + b = 4*h + 96, -3*h - 4*b = -285. Calculate the remainder when h is divided by 25.
24
Suppose 4*k - 16 - 8 = 0. What is the remainder when 35 is divided by k?
5
Suppose 0 = 4*w + 4 - 12. Suppose 3*r - w - 22 = 0. Calculate the remainder when 34/2 - ((-2 - 3) + 1) is divided by r.
5
Let g(z) = z**3 + 5*z**2 - 2*z + 4. Let r be g(-6). Calculate the remainder when 13 is divided by 2*r/24*-3.
3
Suppose -4*t = 5*v - 87, 42 = 3*t + 4*v - 24. Calculate the remainder when 86 is divided by t.
14
Suppose 0*c + 26 = c. Suppose 5*m - 5*u = 60, -3*m + 2*u = 4*u - c. Calculate the remainder when m is divided by 3.
1
Let l(f) = f**3 + f - 2. Suppose -5*n - 4*c + 115 = 0, -n + 5*c - 10 + 33 = 0. What is the remainder when n is divided by l(2)?
7
Suppose 2*y + j = 10 - 4, 4*y - 5*j + 2 = 0. Suppose 2*p + 4*q - 6 - 16 = 0, y*p = -2*q + 20. Calculate the remainder when (-30)/p*(2 + -5) is divided by 6.
4
Suppose 6*z = 5*z + 4. Suppose 3*x + j = 19, 0*x = -z*x - 4*j + 36. Suppose -9*a + 68 = -x*a. What is the remainder when 65 is divided by a?
14
Suppose -r + 16 = r. Let q(y) = y**2 + y + 2. Let p be q(-3). Let f = r + p. What is the remainder when f is divided by 9?
7
Let p be (2 - (-42 + 3)) + 1. Suppose s - p = -2*s. Let g = 0 - -4. Calculate the remainder when s is divided by g.
2
Let s = -1 + 5. What is the remainder when 39 is divided by s?
3
Suppose 0 = -4*y + 5*b + 243, -3*y + 4*b = -2*y - 47. Calculate the remainder when y is divided by 17.
16
Suppose -1 - 40 = -c. Suppose 2*t - 3*s - 32 = -2*t, -4*t - 5*s + 64 = 0. What is the remainder when c is divided by t?
8
Let p(q) = q**3 - 4*q**2 - 2*q + 6. Calculate the remainder when p(5) is divided by 13.
8
Let f(